{"id":792,"date":"2019-07-15T12:38:48","date_gmt":"2019-07-15T12:38:48","guid":{"rendered":"https:\/\/kess-design.ch\/?page_id=792"},"modified":"2019-12-20T14:52:49","modified_gmt":"2019-12-20T14:52:49","slug":"kontakt-und-atelier","status":"publish","type":"page","link":"https:\/\/kess-design.ch\/?page_id=792","title":{"rendered":"Kontakt und Atelier"},"content":{"rendered":"\n<div class=\"wp-block-jetpack-slideshow aligncenter\" data-effect=\"slide\"><div class=\"wp-block-jetpack-slideshow_container swiper-container\"><ul class=\"wp-block-jetpack-slideshow_swiper-wrapper swiper-wrapper\"><li class=\"wp-block-jetpack-slideshow_slide swiper-slide\"><figure><img loading=\"lazy\" decoding=\"async\" width=\"1024\" height=\"683\" alt=\"\" class=\"wp-block-jetpack-slideshow_image wp-image-794\" data-id=\"794\" src=\"https:\/\/kess-design.ch\/wp-content\/uploads\/2019\/07\/BGFZ-Sandra-623-1024x683.jpg\" srcset=\"https:\/\/kess-design.ch\/wp-content\/uploads\/2019\/07\/BGFZ-Sandra-623.jpg 1024w, https:\/\/kess-design.ch\/wp-content\/uploads\/2019\/07\/BGFZ-Sandra-623-555x370.jpg 555w, https:\/\/kess-design.ch\/wp-content\/uploads\/2019\/07\/BGFZ-Sandra-623-300x200.jpg 300w, https:\/\/kess-design.ch\/wp-content\/uploads\/2019\/07\/BGFZ-Sandra-623-768x512.jpg 768w\" sizes=\"(max-width: 1024px) 100vw, 1024px\" \/><\/figure><\/li><li class=\"wp-block-jetpack-slideshow_slide swiper-slide\"><figure><img loading=\"lazy\" decoding=\"async\" width=\"1024\" height=\"683\" alt=\"\" class=\"wp-block-jetpack-slideshow_image wp-image-795\" data-id=\"795\" src=\"https:\/\/kess-design.ch\/wp-content\/uploads\/2019\/07\/BGFZ-Sandra-725-1024x683.jpg\" srcset=\"https:\/\/kess-design.ch\/wp-content\/uploads\/2019\/07\/BGFZ-Sandra-725.jpg 1024w, https:\/\/kess-design.ch\/wp-content\/uploads\/2019\/07\/BGFZ-Sandra-725-555x370.jpg 555w, https:\/\/kess-design.ch\/wp-content\/uploads\/2019\/07\/BGFZ-Sandra-725-300x200.jpg 300w, https:\/\/kess-design.ch\/wp-content\/uploads\/2019\/07\/BGFZ-Sandra-725-768x512.jpg 768w\" sizes=\"(max-width: 1024px) 100vw, 1024px\" \/><\/figure><\/li><\/ul><a class=\"wp-block-jetpack-slideshow_button-prev swiper-button-prev swiper-button-white\" role=\"button\"><\/a><a class=\"wp-block-jetpack-slideshow_button-next swiper-button-next swiper-button-white\" role=\"button\"><\/a><a aria-label=\"Pause Slideshow\" class=\"wp-block-jetpack-slideshow_button-pause\" role=\"button\"><\/a><div class=\"wp-block-jetpack-slideshow_pagination swiper-pagination swiper-pagination-white\"><\/div><\/div><\/div>\n\n\n\n<p>Mein Atelier ist gleichzeitig auch Showroom und darf gerne jederzeit besucht werden. Melde dich doch einfach kurz via e-mail oder SMS damit wir einen Termin abmachen k\u00f6nnen.<\/p>\n\n\n\n<p>e-mail: sandra@kess-design.ch, Tel: 076 510 83 84<\/p>\n\n\n\n<p><\/p>\n\n\n\n<p>Adresse Atelier: H\u00fcslibachstrasse 17, 8041 Z\u00fcrich<\/p>\n\n\n\n<figure><iframe loading=\"lazy\" src=\"https:\/\/www.google.com\/maps\/embed?pb=!1m14!1m8!1m3!1d2704.263429238544!2d8.5125596!3d47.3287264!3m2!1i1024!2i768!4f13.1!3m3!1m2!1s0x47900832cf21d0b7%3A0xada94034754b2237!2sH%C3%BCslibachstrasse+17%2C+8041+Z%C3%BCrich!5e0!3m2!1sde!2sch!4v1563264451545!5m2!1sde!2sch\" allowfullscreen=\"\" width=\"600\" height=\"450\"><\/iframe><\/figure>\n","protected":false},"excerpt":{"rendered":"<p>Mein Atelier ist gleichzeitig auch Showroom und darf gerne jederzeit besucht werden. Melde dich doch einfach kurz via e-mail oder SMS damit wir einen Termin abmachen k\u00f6nnen. e-mail: sandra@kess-design.ch, Tel: 076 510 83 84 Adresse Atelier: H\u00fcslibachstrasse 17, 8041 Z\u00fcrich<\/p>\n","protected":false},"author":2,"featured_media":0,"parent":0,"menu_order":0,"comment_status":"closed","ping_status":"closed","template":"","meta":{"footnotes":""},"class_list":["post-792","page","type-page","status-publish","hentry"],"jetpack_sharing_enabled":true,"_links":{"self":[{"href":"https:\/\/kess-design.ch\/index.php?rest_route=\/wp\/v2\/pages\/792","targetHints":{"allow":["GET"]}}],"collection":[{"href":"https:\/\/kess-design.ch\/index.php?rest_route=\/wp\/v2\/pages"}],"about":[{"href":"https:\/\/kess-design.ch\/index.php?rest_route=\/wp\/v2\/types\/page"}],"author":[{"embeddable":true,"href":"https:\/\/kess-design.ch\/index.php?rest_route=\/wp\/v2\/users\/2"}],"replies":[{"embeddable":true,"href":"https:\/\/kess-design.ch\/index.php?rest_route=%2Fwp%2Fv2%2Fcomments&post=792"}],"version-history":[{"count":3,"href":"https:\/\/kess-design.ch\/index.php?rest_route=\/wp\/v2\/pages\/792\/revisions"}],"predecessor-version":[{"id":328792,"href":"https:\/\/kess-design.ch\/index.php?rest_route=\/wp\/v2\/pages\/792\/revisions\/328792"}],"wp:attachment":[{"href":"https:\/\/kess-design.ch\/index.php?rest_route=%2Fwp%2Fv2%2Fmedia&parent=792"}],"curies":[{"name":"wp","href":"https:\/\/api.w.org\/{rel}","templated":true}]}}